 = 5*w**3 - 9*w**2 - 82*w + 121. What is the ten thousands digit of r(19)?
2
Let n = -80 + 131. Let d be 4 + (-1 + 0 - -202). Suppose -n*w - d = -56*w. What is the units digit of w?
1
Let i(d) = -9*d - 29. Suppose -10*m + 3*m - 91 = 0. Let f be i(m). Let z = f - 38. What is the units digit of z?
0
Suppose 3*z + 189 = 3*y, -5*z - 3*y = -y + 308. Let h = 64 + z. Suppose -121 - 55 = -h*p. What is the units digit of p?
8
Suppose -375*f + 1099044 = -749*f + 392*f. What is the units digit of f?
8
What is the hundreds digit of -14 - (60/(-5) - 518)?
5
What is the tens digit of ((-11)/(-33))/(5/(-234930)*-1)?
6
Let s(u) = -u**3 + 39*u**2 - 12*u + 24. What is the hundreds digit of s(19)?
0
Suppose -7 = -3*d + 4*m + 10, -d + 9 = 2*m. Suppose 1206 = -b + d*b. Suppose 0 = -2*u - 4*h + 134, 3*u - 3*h = -6*h + b. What is the tens digit of u?
6
Let r(c) = -17*c - 7. Let w(i) = -18*i - 8. Let f(n) = 4*r(n) - 3*w(n). Suppose 4*d + 18 = -3*l - 9, 0 = -5*l + d - 45. What is the hundreds digit of f(l)?
1
What is the ten thousands digit of 37782/4*((-4)/6)/(15/(-45))?
1
What is the units digit of -17 + (-2916)/(-180) + (-1)/((-10)/41018)?
1
Let d = -331 + 371. Let g(p) = -p**2 + 63*p - 245. What is the units digit of g(d)?
5
Suppose -127*p + 124*p + 2*w = -31506, -4*w = -4*p + 42004. What is the ten thousands digit of p?
1
Let b(f) = 3898*f - 7632. What is the hundreds digit of b(5)?
8
Let t(c) be the second derivative of -c**5/20 + 3*c**4/2 - 25*c**3/6 - 2*c**2 - 29*c - 3. What is the tens digit of t(16)?
0
Let w = 23964 + -16528. What is the thousands digit of w?
7
Let g(j) = -8*j - 60 - 13*j - 19*j. What is the hundreds digit of g(-6)?
1
Let j(q) = -236*q**3 - q**2 - q. Let c be j(-1). Suppose 0 = 2*f - 0*f - c. Suppose 0 = n - 0*n - 2*o - 65, 0 = 2*n + 2*o - f. What is the units digit of n?
1
Let c = 133 - 118. Let y(s) = -c*s + 9*s + 7*s - 13 + s**2. What is the units digit of y(10)?
7
Suppose -3*m = -3*h + 12, 2*m + 3 = m. Let o be (31 + -2)/((h/(-2))/1). Let v = 77 + o. What is the tens digit of v?
1
Suppose -12 = -5*m + m. Suppose 15 = 5*x + 5*g, -3*g = m*x + 2*g - 9. Suppose -3*v = 3, -4*o - x*v + 138 = -295. What is the units digit of o?
9
Let z(p) = -p + 20. Let l be z(15). Suppose 6 = l*n + 6. Suppose -2*b + 10 = 0, 4*a - 390 = -n*b + 2*b. What is the tens digit of a?
0
Let r(x) = 406*x**3 + 5*x**2 - 124*x + 594. What is the thousands digit of r(5)?
0
Suppose 10*w = p + 5*w + 80, 0 = 2*p - 4*w + 148. What is the tens digit of (1 - 0)/((-1)/p)?
7
Let w(a) = 146*a - 20. Let f be w(5). Suppose 8*l = f + 4778. What is the units digit of l?
6
Suppose 28*q - 21 = 25*q. Let c(a) = a. Let p(b) = -3. Let g(u) = 5*c(u) - p(u). What is the tens digit of g(q)?
3
What is the units digit of 10 + -19 + -3 - -3604?
2
Let g be ((-36)/9)/((3/14)/(-3)). Let k = 64 - g. Let u = k + 177. What is the hundreds digit of u?
1
Suppose -4*t = 200 - 140. What is the tens digit of (54/t)/((-21)/10885)?
6
Let s be ((-7)/28 - 1)*(1 + -5). Suppose s*t - 12*t + 3941 = 0. What is the hundreds digit of t?
5
Suppose v - 3583 = -2*t - 3*t, 5*v - 1424 = -2*t. Let x = -367 + t. What is the units digit of x?
0
Let k be -5 - 4734/(-10) - 6/(-10). Let q = k + -241. Suppose -q - 64 = -3*i - 2*d, d + 104 = i. What is the hundreds digit of i?
1
Let t = 1205 + -30. Let g = t + -785. What is the hundreds digit of g?
3
Let x = 998 + -697. Let d = x + -813. What is the tens digit of (-2 + 6)/(-12) + d/(-6)?
8
Let g(q) = q**3 - 8*q**2 - 28*q + 7. Let i be g(12). Suppose -o - 3*n + i = -n, 0 = -5*o + 5*n + 1175. What is the tens digit of o?
3
Suppose -48*q = 335*q - 150902. What is the hundreds digit of q?
3
Suppose -2622 = -3*x - m, 72*x = 67*x + 5*m + 4370. What is the units digit of x?
4
Let y = -2911 - -4175. What is the thousands digit of y?
1
Suppose 56 + 55 = h. Let w = h + -54. Suppose -3*o = -5*q + 818, 4*q - 4*o + w - 713 = 0. What is the hundreds digit of q?
1
Let m = -6 - -10. Suppose b = -3*b - 4*s + 16, 4*b - m*s = 40. Suppose b*k = -k + 120. What is the tens digit of k?
1
Let m(h) = 47*h + 1002. Let t be m(21). Suppose -5*f + 10 + 0 = 0. What is the hundreds digit of f/(-8)*-2 - t/(-18)?
1
Let v(u) = -279*u**3 + 4*u**2 - 36*u - 101. What is the thousands digit of v(-5)?
5
Let z(u) = u**3 - 3*u**2 + 3*u - 2. Let d be z(2). Suppose d = -2*j + 3*n + 533, 3*j - 791 = -2*n - 2*n. What is the tens digit of j?
6
Suppose 0 = -3*b + o + 19, 3*o - 13 = -3*b - 10. Suppose -1115 = -2*s - 4*a + 303, 3*s = -b*a + 2122. What is the tens digit of s?
9
Let d(z) = 37*z + 15. Let q(c) = 36*c + 15. Let y(o) = 3*d(o) - 4*q(o). Let m be y(-2). Let s = 98 - m. What is the tens digit of s?
4
Suppose -3*q - 30 + 771 = 0. Let r = q - 26. What is the hundreds digit of r?
2
Let h = -20228 + 46230. Suppose 4012 - h = -15*m. What is the tens digit of m?
6
Let r be 30/1*6/((-90)/(-7165)). What is the thousands digit of -9 - (-4)/(40/r)?
1
Let q be (-3)/7*(-14)/8*4. Suppose 4*x + f = 929, 3*f + 909 = q*x + x. What is the units digit of x?
1
Suppose 2 = -4*m - 2*y, m - 27 = 5*y - 0. Suppose -4*n = 4*u - 1600, u - 799 = -m*n - 0*u. What is the units digit of n?
9
Let x be (-35)/(-20) - 1/(-4). Suppose -4*f - 3*t = -19, 5*f - t + x*t = 21. Suppose -q - 5 = 0, -f*l + 4*q + 183 = q. What is the tens digit of l?
4
Suppose -3*s - 48 + 57 = 0. Suppose -2*q = 4*h - 1110, 0 = -3*h - s*q + 631 + 206. What is the tens digit of h?
7
Let i(g) = 168*g**2 + 55*g + 68. What is the tens digit of i(-7)?
1
Suppose -23*m + 45594 = -5*m. Suppose 0 = -3*u - 4*d + m + 547, -4112 = -4*u - 4*d. What is the thousands digit of u?
1
Suppose -5*j + 44*b - 42*b - 2679 = 0, -2148 = 4*j - 4*b. Let y = j - -632. What is the units digit of y?
7
Suppose 0 = -4*r + 396 + 644. Let s = r - 196. What is the units digit of s?
4
Suppose 5*m = 2*r - 8987 - 29062, -4*r + 2*m = -76154. What is the hundreds digit of r?
0
Let y = -478 + 485. Suppose -4*s + 8 = 0, 1146 = y*u - 5*u - s. What is the tens digit of u?
7
Let n(p) = p + 18. Let i be n(-12). Suppose h = 5*q - q + i, q = -2*h + 3. Suppose h*w + 108 = 4*v, -3*v + 3*w + 8 = -76. What is the tens digit of v?
2
Suppose -45737 = 1416*l - 1433*l + 53458. What is the units digit of l?
5
Suppose k - 3*w + 997 = w, 4*w = 5*k + 4985. Let b = 1530 + k. What is the hundreds digit of b?
5
Let n be (24/(-10))/(-4 - (-616)/165). Let r(z) = 2*z**3 - 6*z**2 - 18*z + 79. What is the tens digit of r(n)?
8
Suppose 5*n - 5*j - 40785 = 0, 3*j = -n + 9495 - 1358. What is the hundreds digit of n?
1
Suppose 0 = -9*y + 756 + 18. Suppose 11459 = 93*g - y*g. What is the hundreds digit of g?
6
Let b be 34/4*1*-2. Let q(k) = -2*k**2 - k**3 - 2*k**2 - 8*k**2 + 24 + 11*k - 4*k**2 - 11. What is the units digit of q(b)?
5
Suppose 3*t + 4*m - 10352 = 0, -138*t = -137*t - 4*m - 3488. What is the tens digit of t?
6
Let h be 27/54 + 0 + (-3)/6. Let m(i) = -4*i**2 + i + 256. What is the units digit of m(h)?
6
Let c(x) = -137*x - 24. Let t be c(-4). What is the hundreds digit of (t/(-10))/(2/(-10))?
2
Let l(b) = 9*b + 69. Let d be l(22). Let m = d - 4. What is the units digit of m?
3
Let d(t) = 589*t**2 - 83*t - 947. What is the hundreds digit of d(-11)?
2
Let y be -1 + 3 + -2 - 4 - -5. Let r be y - 1 - (-4 - (0 - 2)). Suppose r*h = 6*h - 4*z - 700, 0 = 3*h - 5*z - 533. What is the tens digit of h?
7
Let x(k) = 8*k**2 + 3*k + 1. Suppose 5*g + 3 = -2. Let c be x(g). Suppose 60 = c*l - 78. What is the tens digit of l?
2
Suppose 5*k - 1748 = -r, -10*r - 12*k = -8*k - 17296. What is the thousands digit of r?
1
Suppose -2*q = -4*w - 34164 + 92350, w - 14566 = -6*q. What is the tens digit of w?
4
What is the ten thousands digit of 20 + (-27 - 0) + 62757?
6
Suppose 0 = 2*y + 18*y - 80. Suppose -6*k + u + 179 = -y*k, 5*k - 3*u = 447. What is the units digit of k?
0
Suppose 0 = -2*p + l + 699, 4*p + 19*l - 1404 = 15*l. What is the units digit of p?
0
Let h = 367 + -279. What is the units digit of -4 - h*(-5 - -1)?
8
Let p(v) = 22*v**2 - 24*v - 100. Let o be p(-8). What is the thousands digit of (6/4)/((-4)/8) + o?
1
Suppose -2*l - 10*z + 8*z + 92796 = 0, 10 = -2*z. What is the units digit of l?
3
Let u(q) = -q**3 - 13*q**2 + 14*q + 5. Let i be u(-14). Suppose -4*v - 47 = -3*h, i*v = 3*h - 3 - 49. Suppose 3*a - h*a + 168 = 0. What is the tens digit of